est common factor of 600 and 2949?
3
Calculate the highest common divisor of 13440 and 360458.
14
What is the greatest common divisor of 3610544 and 784?
112
What is the greatest common factor of 66495957 and 1388?
347
Calculate the greatest common divisor of 863374 and 2576.
46
What is the highest common divisor of 180 and 6801030?
90
Calculate the highest common factor of 176349 and 11049.
87
Calculate the greatest common divisor of 4660545 and 942.
471
What is the greatest common divisor of 774 and 23904?
18
Calculate the highest common factor of 22724373 and 3403.
41
What is the highest common divisor of 11584 and 151906784?
5792
What is the greatest common factor of 1556948 and 16892?
412
What is the greatest common factor of 16489863 and 117?
117
Calculate the highest common divisor of 5103780 and 777.
111
Calculate the greatest common divisor of 2975 and 6849725.
425
What is the highest common divisor of 60521400 and 66600?
1800
What is the greatest common factor of 550 and 8346030?
110
What is the highest common factor of 9932 and 32278236?
764
What is the highest common factor of 84326 and 6578?
22
Calculate the greatest common divisor of 55460 and 15214370.
470
Calculate the greatest common factor of 32 and 12037912.
8
What is the highest common divisor of 206784 and 2466?
18
What is the greatest common divisor of 186597 and 33926099?
6911
What is the greatest common factor of 14744 and 1932240?
776
What is the highest common divisor of 13253 and 4130366?
457
What is the highest common divisor of 16177772 and 104?
52
What is the greatest common factor of 170 and 232584565?
85
Calculate the highest common factor of 34695 and 581850.
135
Calculate the greatest common factor of 342147 and 381.
3
What is the greatest common factor of 60 and 5118468?
12
What is the highest common factor of 5468394 and 4244?
2122
What is the highest common factor of 421 and 10490478?
421
Calculate the highest common factor of 3352683 and 6286.
449
Calculate the highest common factor of 36 and 32529402.
18
What is the greatest common factor of 1227 and 5536633?
409
What is the highest common factor of 47 and 17917058?
47
Calculate the highest common factor of 30576 and 1097796.
588
Calculate the greatest common factor of 22883688 and 2142.
18
What is the greatest common divisor of 88388 and 7275728?
4652
What is the highest common divisor of 1124986 and 2084?
2
What is the greatest common factor of 675524 and 28100?
1124
Calculate the greatest common divisor of 108 and 5546502.
54
Calculate the greatest common factor of 255 and 1015437540.
255
What is the greatest common factor of 210 and 2635573920?
210
Calculate the highest common factor of 12304908 and 99.
99
What is the greatest common divisor of 5400820 and 109590?
2810
Calculate the highest common divisor of 18200 and 26733525.
2275
What is the highest common divisor of 1659873 and 441?
3
What is the greatest common factor of 736 and 408280544?
736
What is the highest common divisor of 116951 and 141133?
107
What is the highest common factor of 3322 and 829378?
22
Calculate the greatest common factor of 128 and 90330496.
128
What is the greatest common divisor of 3304284 and 5268?
12
What is the greatest common divisor of 1252 and 2505988176?
1252
Calculate the greatest common divisor of 840 and 501130.
70
Calculate the highest common factor of 216 and 69219.
9
What is the highest common factor of 184437 and 5911?
23
Calculate the greatest common factor of 604 and 253531114.
302
What is the highest common factor of 888763 and 29203?
551
What is the greatest common factor of 83029655 and 23?
23
What is the greatest common divisor of 3800097 and 54?
9
What is the greatest common divisor of 3084701 and 150365?
493
What is the greatest common factor of 1204 and 10640049?
301
Calculate the greatest common factor of 126947 and 188.
47
What is the highest common divisor of 328490 and 579002?
614
Calculate the highest common divisor of 45 and 194471115.
15
What is the greatest common factor of 276450748 and 931?
49
Calculate the highest common factor of 162029366 and 108427.
9857
Calculate the highest common divisor of 2073 and 35775143.
691
What is the highest common divisor of 150 and 523650?
150
What is the greatest common divisor of 858 and 7820631?
39
Calculate the greatest common divisor of 435635154 and 342.
342
Calculate the highest common divisor of 176052430 and 2690.
2690
What is the highest common divisor of 3995 and 464015?
85
Calculate the highest common divisor of 8060 and 689780.
260
Calculate the greatest common divisor of 33097222 and 1076.
538
Calculate the greatest common divisor of 7786935 and 255.
255
Calculate the highest common divisor of 1350210 and 150.
30
What is the highest common divisor of 6886 and 1282978862?
6886
What is the greatest common divisor of 15 and 15624795?
15
Calculate the greatest common divisor of 649365 and 1440.
15
Calculate the highest common factor of 11656 and 138012.
124
Calculate the highest common divisor of 377318160 and 2880.
720
Calculate the greatest common factor of 758 and 259668439.
379
Calculate the highest common divisor of 4328 and 65304.
8
What is the highest common divisor of 3692398 and 8128?
254
Calculate the greatest common factor of 4671 and 460353.
519
Calculate the greatest common divisor of 1026722 and 10332.
82
Calculate the greatest common divisor of 3918052 and 517253.
797
Calculate the greatest common divisor of 9 and 8960607.
9
What is the highest common divisor of 2250 and 287478?
18
What is the greatest common factor of 38 and 366847763?
19
Calculate the greatest common factor of 40 and 140236.
4
Calculate the highest common factor of 35454 and 818862.
114
Calculate the greatest common factor of 1394 and 24705862.
1394
What is the greatest common factor of 2686663 and 19278?
119
What is the greatest common factor of 212871485 and 14870?
7435
Calculate the greatest common divisor of 224 and 47721254.
14
What is the greatest common factor of 5892 and 35668204?
1964
What is the highest common factor of 15628704 and 6768?
48
What is the greatest common divisor of 40112 and 69529?
23
What is the highest common divisor of 216576 and 498576?
2256
Calculate the highest common divisor of 71 and 132864217.
71
Calculate the highest common divisor of 260 and 1213320.
20
Calculate the greatest common divisor of 152700 and 70620.
60
Calculate the highest common divisor of 486020 and 2036.
4
Calculate the greatest common divisor of 56095811 and 74.
37
Calculate the greatest common divisor of 4436857777 and 473.
473
What is the highest common factor of 3566683 and 158937?
1709
Calculate the greatest common divisor of 211 and 10506323.
211
What is the highest common factor of 260 and 2430181?
13
What is the highest common divisor of 121290 and 456690?
390
What is the greatest common divisor of 55318 and 16966?
34
What is the highest common factor of 522 and 5514?
6
What is the greatest common divisor of 255208603 and 39?
13
What is the greatest common divisor of 19140038 and 426?
142
What is the highest common factor of 432 and 36509508?
108
Calculate the highest common factor of 101947348 and 793.
61
Calculate the greatest common factor of 180262 and 985844.
386
Calculate the highest common factor of 495 and 6346845.
45
Calculate the greatest common divisor of 3 and 6610698.
3
What is the highest common divisor of 5729555 and 1560?
65
What is the highest common factor of 725 and 2221030975?
725
Calculate the highest common factor of 11382 and 31724.
14
Calculate the highest common factor of 1957918 and 8336.
1042
What is the greatest common divisor of 83904 and 235467?
57
What is the greatest common divisor of 193354330 and 26?
26
Calculate the greatest common divisor of 47144 and 922296.
664
What is the greatest common factor of 45780125 and 65?
5
Calculate the greatest common divisor of 49 and 18891117.
49
Calculate the greatest common divisor of 673734 and 118.
2
Calculate the greatest common factor of 3718 and 961532.
286
What is the greatest common factor of 12 and 5478584?
4
What is the highest common factor of 10515168 and 522?
522
Calculate the greatest common divisor of 13768 and 382636814.
3442
What is the greatest common divisor o